65. Calculate the remainder when y is divided by 111.
91
Let h = -13015 - -13134. Calculate the remainder when h is divided by 55.
9
Let i be 1041*(-2)/(-3)*8/(-16). Let k = -331 - i. What is the remainder when 31 is divided by k?
15
Let p(x) = -x + 31. Let w(j) be the third derivative of -31*j**3/6 + 5*j**2. Let q(s) = 3*p(s) + 2*w(s). What is the remainder when q(-13) is divided by 18?
16
What is the remainder when ((-1)/(-7))/(((-1191300)/(-74459))/(-4) - -4) is divided by 267?
166
Suppose -38*g - 1963 = -12869. Calculate the remainder when g is divided by 66.
23
Suppose 4*c + 5*t - 48 = -0*t, -4*c - 3*t = -56. Suppose 0 = -3*u + 4*u + s - c, -s + 49 = 3*u. What is the remainder when 303 is divided by u?
15
Let p(u) = 48*u - 7. What is the remainder when p(6) is divided by (-2)/(((-6160)/8897)/(-44) + 4/(-62))?
35
Suppose -3*n = 29*b - 26*b - 141, b = -2*n + 95. Suppose u = 3*x - 2, 3*u - 2 - 8 = x. Suppose -u*m + 75 = -m. Calculate the remainder when n is divided by m.
23
Let w(a) = -a**3 + 5*a**2 - 6*a + 10. Let r be w(4). Suppose 5*l = -4*f + 130, 118 = 4*f - r*l + l. Calculate the remainder when f is divided by 11.
8
Let i be 0 - 2 - (46 - 6 - 9). Let o = 36 + i. What is the remainder when 20 is divided by o?
2
Suppose 18 = -5*g + 11*g. Suppose -4*n + 92 = -0*n. What is the remainder when n is divided by -3*((-4 - g) + 4)?
5
Let l(r) = 16*r**3. Let s(d) = -4*d**3 + 5*d**2 + 6*d + 8. What is the remainder when s(-2) is divided by l(1)?
0
Let h(v) = 155*v - 4455. Calculate the remainder when 192 is divided by h(29).
32
Let q(v) = 7*v**2 + 5*v + 3. Let k be (-6 + 14 + -9)/(2/4). What is the remainder when 62 is divided by q(k)?
20
Let w = 26 + 5. Let s = 223 - 220. Suppose -3*f + 296 = -s*u - 73, 5*f + 4*u - 588 = 0. Calculate the remainder when f is divided by w.
27
Let v(t) = 4*t**3. Let h be v(1). Suppose 48 = 3*k - 5*r + 2*r, 0 = -h*k + 5*r + 63. Suppose 77*x + 854 = 199*x. Calculate the remainder when k is divided by x.
3
Suppose 3*h = 4*z - 109, 4*z - 5*h - 115 = -0*z. Calculate the remainder when 5 - (-182)/(-35) - (-226)/5 is divided by z.
20
Let z be 1 - 2/(-4)*(18 - 14). Let b(j) = 5 + 3*j**2 - j**3 - 8 - 4 + 4*j. Calculate the remainder when 15 is divided by b(z).
0
Suppose -29*y = h - 28*y - 104, -3*h - 4*y = -315. Let o = -286 - -299. What is the remainder when h is divided by o?
10
Let f(k) = -k**3 - 8*k**2 + 29*k + 165. Let s be f(-10). Suppose s*b = 63*b + 552. What is the remainder when b is divided by 16?
14
Let f = 2041 - 2028. Calculate the remainder when 328 is divided by f.
3
Let u = -4837 + 4906. What is the remainder when 219 is divided by u?
12
Suppose 4*l = 2*v + 2*l - 50, 109 = 4*v - l. Suppose -4*y + 60 = 2*h, 15 - 2 = y + h. What is the remainder when v is divided by y?
11
What is the remainder when (3/(-2))/((-6)/(-1)) + (-17974)/(-88) is divided by 112?
92
Let k = 12095 - 12064. Suppose 4*s + 97 + 85 = 2*r, 3*s + 15 = 0. Calculate the remainder when r is divided by k.
19
Let r = -3 - -119. Calculate the remainder when r is divided by -3*((-2)/(-3))/(12/(-18))*7.
11
Suppose 0 = -4*c - 346 + 1570. Let m = 342 - c. Calculate the remainder when 353 is divided by m.
29
Suppose 5*t - 97 = 33. Suppose 5*k = 3*d - 502 + 483, 0 = -4*d + 3*k + 29. What is the remainder when t is divided by d?
2
Suppose 55*t - 1413 = -918. Calculate the remainder when 2/2*42*1 is divided by t.
6
Let q(d) = 11*d**3 + 2*d**2 - d - 1. Suppose 8*r - 252 = 4. Calculate the remainder when r is divided by q(1).
10
Let x be 25/3*(145 + -1)/8. Calculate the remainder when 5230/x - 4/(-30) is divided by 29.
6
Let d be ((120/(-14))/3)/((-74)/259). Suppose 4*c = 5*q + d, -4*q - 4*c = -7*q + 2. Calculate the remainder when 35*((-3)/45)/(1/q) is divided by 5.
4
Let z(j) = j**3 + 13*j**2 - 23*j + 62. What is the remainder when 898 is divided by z(7)?
17
Suppose 0 = 2*h + 15 - 7. Let s be h/(-14) - (-52)/14. Calculate the remainder when (-129)/2*(-3)/18*s is divided by 11.
10
Let f(i) = -3*i**3 - i**2 - 4*i + 3. Let y be f(-3). Let d = y - 78. Calculate the remainder when 58 is divided by d.
4
What is the remainder when 801 is divided by -86 + 103 - (2 - -9)?
3
Let d = -48 - -51. Let t(b) = -7*b**3 + 3*b - 3. Let s(w) = w**3 - w**2 - w + 1. Let g(o) = d*s(o) + t(o). What is the remainder when g(-3) is divided by 28?
25
Let q be (225/20)/9*4. Let g(b) = b**3 - 3*b**2 - 3*b + 19. Calculate the remainder when g(q) is divided by 30.
24
Let t be 3866/8 + (-6)/(-8). What is the remainder when 214 is divided by t/9 + 38/171?
52
Suppose 38*s - 387 = 9037. Calculate the remainder when 255 is divided by s.
7
Let g be (-3 - 66)*(-6)/18. Suppose -3*q + 5*q = 3*h + g, 1 = q - 5*h. What is the remainder when 31 is divided by q?
15
Let j(v) = -v**3 - 127*v**2 + 667*v - 20. Let f(y) = 3*y + 6. What is the remainder when f(5) is divided by j(5)?
6
Let y(c) be the first derivative of c**3/3 + 3*c**2/2 + 5*c - 33. What is the remainder when 11 is divided by y(-3)?
1
Suppose 17*n - 60 = 13*n. Let l = 45 + n. Let r = l + 3. Calculate the remainder when r is divided by 22.
19
Suppose 7 = 4*p - 9. Suppose -12 + 232 = p*f + 2*v, 5*f + v - 275 = 0. Suppose -13*d + 5*d + 120 = 0. Calculate the remainder when f is divided by d.
10
Let y(b) = b**2 + 156*b + 1900. What is the remainder when y(-13) is divided by 6?
5
Suppose 2856 = -26*s + 18*s + 50*s. What is the remainder when 245 is divided by s?
41
Let u = -801 + 1522. Let h = u + -645. What is the remainder when h is divided by 41?
35
Suppose -4*p + 1759 = a, -2*p = -6*a + 2*a - 884. Suppose -7*g = 3*g - p. What is the remainder when 174 is divided by g?
42
Let z(g) = 5*g**3 - g**2 - g + 1. Let u be z(-1). Let w(d) = 14*d - 38. Calculate the remainder when -2*5/u*2 is divided by w(3).
1
Suppose 92*n = 255*n - 158273. Calculate the remainder when n is divided by 117.
35
Let o be (-1)/(5/25)*-1. Suppose -4*n + 4*y = -y - 21, 24 = o*n - 4*y. Suppose n*k - 7 = 165. What is the remainder when k is divided by 18?
7
Let a(g) = -2*g**2 + 1. Let v(k) = k**2 + 1. Let n(l) = a(l) + 3*v(l). Let r be n(-2). Let p = 23 + r. Calculate the remainder when p is divided by 16.
15
Suppose -2*p = 3*t - 6*p - 23, 3*p - 3 = 0. Suppose t*f - 76 = -3*q + 7*f, 0 = -2*q - 5*f + 58. What is the remainder when 36 is divided by q?
12
Let q(j) = 406*j - 835. Calculate the remainder when q(3) is divided by 17.
9
Calculate the remainder when 140 is divided by (-48)/(-22) + (-33)/((-5808)/(-32)).
0
What is the remainder when -5 + 47937/63 - 6/(-63) is divided by 190?
186
Suppose 0 = 66*o - 69*o - 6. What is the remainder when (-4)/o - 111*(-9)/27 is divided by 1/3 - (-82)/6?
11
Let s be -26*((-35)/(-10) + -4). Suppose -u + s + 1 = 0. Suppose -5*n = a - 2*a - 190, 5*n - 4*a - 175 = 0. Calculate the remainder when n is divided by u.
11
Suppose -4*r = -5*g - 1480, -1488 = -4*r - 115*g + 118*g. Calculate the remainder when r is divided by 6.
3
Suppose 11*f - 85 = 6*f. Suppose -11 + f = 2*t. What is the remainder when t is divided by 0 + 3/2 - 39/(-26)?
0
Let d(o) = -o**3 - 4*o**2 + 32*o - 8. Let y be d(-9). What is the remainder when 82 is divided by y/5 - 12*(-4)/(-60)?
19
Let w(u) = 12*u - 124. Let l be w(19). Suppose 5*s + 0*n = 3*n + 242, -4*n + 151 = 3*s. What is the remainder when s is divided by 37/3 - l/(-156)?
10
Let x be 6876/24 + (0 - 2/4). Suppose -283*d + x*d = 144. Suppose 0 = -2*j - 3*j + 85. What is the remainder when d is divided by j?
14
Let w = -42 + 75. Suppose -3*i - 4*n = -2 - 36, 3*i + 3*n - 36 = 0. Suppose -52 = -i*g + 38. What is the remainder when w is divided by g?
6
What is the remainder when 1537 is divided by (-18)/(-24)*4/(-3) + 15?
11
Suppose -4*c + 12 = 0, c + 290 - 33 = -4*t. What is the remainder when 304 is divided by ((-676)/t)/((-1)/(-5))?
44
Let o be ((-12)/48)/((-1)/4). Let y = o - 1. Suppose y = g - 3*r - 56, -4*g + 6*g - 107 = r. What is the remainder when g is divided by 9?
8
Let l(g) = -g**2 + 10*g - 6. Let p be l(9). Suppose p*b - b - 94 = 0. What is the remainder when b is divided by 10/(-7) - (-41480)/2380?
15
Suppose -5*j + 8*j - 9 = 0. Suppose 0 = -j*c - 3*c + 204. Calculate the remainder when 135 is divided by c.
33
Let r = -6286 - -6311. Let v = 22 - 12. What is the remainder when r is divided by v?
5
Let f(y